2) to base 4.
10
1 (base 9) to base 15
1
-2 (base 13) to base 14
-2
a (base 13) to base 5
20
143 (base 8) to base 13
78
38 (base 11) to base 16
29
Convert -32 (base 8) to base 9.
-28
What is -356 (base 7) in base 4?
-2330
Convert 0 (base 16) to base 2.
0
What is 10 (base 3) in base 7?
3
-8 (base 9) to base 15
-8
-4 (base 14) to base 16
-4
What is 4 (base 8) in base 3?
11
Convert -7 (base 11) to base 12.
-7
1001101 (base 2) to base 7
140
What is 1235 (base 6) in base 11?
263
What is -16 (base 10) in base 7?
-22
Convert 7 (base 16) to base 15.
7
What is 1 (base 7) in base 13?
1
13 (base 5) to base 9
8
Convert 21220 (base 3) to base 13.
135
-a (base 12) to base 10
-10
What is 10 (base 7) in base 8?
7
33 (base 4) to base 13
12
Convert -32 (base 5) to base 7.
-23
Convert 2 (base 8) to base 9.
2
0 (base 4) to base 11
0
-11 (base 5) to base 10
-6
Convert 111 (base 3) to base 5.
23
Convert 0 (base 8) to base 5.
0
What is -2 (base 7) in base 5?
-2
Convert -2a (base 12) to base 4.
-202
What is -11 (base 2) in base 15?
-3
Convert -3 (base 8) to base 2.
-11
-1 (base 5) to base 11
-1
Convert a8 (base 16) to base 6.
440
What is 0 (base 3) in base 15?
0
What is 100 (base 10) in base 15?
6a
What is 40 (base 9) in base 6?
100
Convert 0 (base 15) to base 14.
0
-10 (base 3) to base 16
-3
What is 76 (base 8) in base 10?
62
What is 21200 (base 3) in base 9?
250
8 (base 11) to base 9
8
What is 1 (base 11) in base 10?
1
Convert 0 (base 13) to base 4.
0
Convert -a (base 12) to base 11.
-a
Convert 5 (base 8) to base 16.
5
Convert -5 (base 8) to base 2.
-101
111 (base 2) to base 6
11
47 (base 16) to base 6
155
Convert 22 (base 4) to base 10.
10
cc (base 13) to base 10
168
Convert -2 (base 9) to base 16.
-2
What is 0 (base 13) in base 3?
0
Convert 203 (base 4) to base 15.
25
-101 (base 2) to base 14
-5
Convert 5 (base 7) to base 15.
5
What is -71 (base 8) in base 6?
-133
What is -10 (base 5) in base 3?
-12
Convert 2e (base 16) to base 10.
46
Convert 11 (base 3) to base 16.
4
What is -103 (base 4) in base 14?
-15
Convert -22 (base 4) to base 6.
-14
Convert 155 (base 12) to base 8.
321
What is -10 (base 7) in base 11?
-7
5 (base 15) to base 8
5
37 (base 13) to base 15
31
Convert -41 (base 7) to base 2.
-11101
What is 13 (base 11) in base 5?
24
10 (base 10) to base 15
a
Convert -1b (base 13) to base 16.
-18
What is 82 (base 16) in base 5?
1010
What is -2 (base 12) in base 8?
-2
-11 (base 10) to base 7
-14
-3 (base 9) to base 15
-3
What is -11100000 (base 2) in base 10?
-224
What is -3 (base 4) in base 3?
-10
What is 0 (base 15) in base 7?
0
82 (base 12) to base 10
98
Convert 270 (base 11) to base 15.
164
Convert -1 (base 3) to base 2.
-1
-8 (base 10) to base 13
-8
Convert 25 (base 9) to base 11.
21
Convert -57 (base 12) to base 5.
-232
What is -26 (base 11) in base 16?
-1c
What is -23 (base 10) in base 3?
-212
Convert c (base 16) to base 9.
13
-1220 (base 3) to base 4
-303
30 (base 11) to base 8
41
-2 (base 7) to base 11
-2
What is 24 (base 5) in base 8?
16
3 (base 16) to base 11
3
What is 2 (base 14) in base 16?
2
What is 1 (base 13) in base 10?
1
Convert a1 (base 12) to base 7.
232
110 (base 8) to base 16
48
-a1 (base 13) to base 10
-131
Convert 11 (base 2) to base 16.
3
-6 (base 10) to base 11
-6
Convert 2210 (base 3) to base 6.
203
What is 92 (base 14) in base 8?
200
What is 20020 (base 3) in base 9?
206
What is 2 (base 15) in base 10?
2
-3 (base 14) to base 11
-3
What is -30 (base 12) in base 5?
-121
What is -4 (base 5) in base 6?
-4
What is -1a (base 15) in base 8?
-31
Convert 1200 (base 4) to base 12.
80
What is -11 (base 5) in base 10?
-6
Convert -3 (base 4) to base 9.
-3
18 (base 10) to base 4
102
Convert 20 (base 7) to base 14.
10
76 (base 8) to base 14
46
What is -1 (base 13) in base 4?
-1
Convert 134 (base 10) to base 2.
10000110
What is 11001 (base 2) in base 12?
21
What is 31 (base 10) in base 13?
25
-2 (base 7) to base 2
-10
What is 0 (base 13) in base 15?
0
Convert -22 (base 3) to base 15.
-8
Convert 17 (base 9) to base 15.
11
What is -10 (base 16) in base 14?
-12
Convert 8 (base 12) to base 14.
8
What is -154 (base 7) in base 16?
-58
-13 (base 4) to base 13
-7
What is 2 (base 5) in base 2?
10
10 (base 15) to base 11
14
Convert -11 (base 3) to base 5.
-4
-4 (base 6) to base 14
-4
1 (base 6) to base 12
1
3212 (base 4) to base 15
105
What is -3 (base 5) in base 3?
-10
What is -7 (base 14) in base 2?
-111
22 (base 13) to base 7
40
What is 23 (base 10) in base 4?
113
What is 2 (base 7) in base 2?
10
What is 112110 (base 3) in base 14?
1dc
What is -21 (base 8) in base 6?
-25
What is 18 (base 16) in base 15?
19
What is -8 (base 11) in base 9?
-8
-d4 (base 15) to base 5
-1244
Convert -16 (base 9) to base 2.
-1111
What is -1010111 (base 2) in base 16?
-57
Convert -10010 (base 2) to base 10.
-18
What is -11 (base 3) in base 10?
-4
-1 (base 11) to base 3
-1
What is 22 (base 4) in base 7?
13
What is -130 (base 5) in base 10?
-40
Convert -9a (base 14) to base 4.
-2020
What is -4 (base 6) in base 12?
-4
What is 2b (base 16) in base 8?
53
What is 9 (base 14) in base 15?
9
Convert -53 (base 8) to base 5.
-133
Convert 2 (base 6) to base 14.
2
-53 (base 15) to base 3
-2220
100 (base 2) to base 9
4
Convert -1001011 (base 2) to base 6.
-203
What is -157 (base 8) in base 16?
-6f
-55 (base 8) to base 4
-231
Convert -11 (base 2) to base 10.
-3
8 (base 12) to base 5
13
Convert -30 (base 11) to base 8.
-41
Convert -2 (base 5) to base 3.
-2
Convert 8 (base 16) to base 10.
8
What is 13 (base 8) in base 6?
15
Convert -3b (base 13) to base 12.
-42
1 (base 13) to base 8
1
What is -b6 (base 13) in base 4?
-2111
4 (base 15) to base 12
4
What is -27 (base 10) in base 5?
-102
3 (base 11) to base 13
3
27 (base 8) to base 6
35
What is 0 (base 14) in base 11?
0
-1 (base 5) to base 15
-1
What is -72 (base 11) in base 12?
-67
Convert 1 (base 7) to base 11.
1
Convert 12 (base 5) to base 9.
7
What is -a (base 11) in base 12?
-a
45 (base 8) to base 7
52
What is -b0 (base 16) in base 5?
-1201
Convert -224 (base 5) to base 15.
-44
Convert 2 (base 7) to base 10.
2
What is -24 (base 7) in base 14?
-14
What is -3 (base 4) in base 7?
-3
2212 (base 4) to base 16
a6
333 (base 6) to base 14
93
-205 (base 7) to base 8
-147
-2 (base 11) to base 9
-2
3 (base 13) to base 6
3
Convert 6 (base 9) to base 8.
6
What is -b6 (base 12) in base 6?
-350
What is 1a1 (base 13) in base 3?
102010
2300 (base 4) to base 3
20112
3 (base 13) to base 8
3
12 (base 14) to base 13
13
-8 (base 11) to base 10
-8
What is -30 (base 13) in base 11?
-36
Convert 0 (base 8) to base 3.
0
4 (base 7) to base 2
100
-4 (base 15) to base 5
-4
What is -10 (base 11) in base 3?
-102
What is 73 (base 15) in base 2?
1101100
What is 325 (base 6) in base 12?
a5
Convert 73 (base 9) to base 15.
46
Convert 100 (base 2) to base 12.
4
What is -7 (base 8) in base 2?
-111
-203 (base 7) to base 4
-1211
What is 10010 (base 2) in base 5?
33
Convert 4a (base 15) to base 13.
55
-3 (base 6) to base 8
-3
-20 (base 3) to base 12
-6
-5 (base 8) to base 7
-5
-9 (base 14) to base 8
-11
32 (base 8) to base 15
1b
What is -3 (base 10) in base 7?
-3
-30 (base 10) to base 16
-1e
What is -12 (base 13) in base 11?
-14
What is -20 (base 4) in base 5?
-13
Convert -2 (base 14) to base 8.
-2
Convert 1220 (base 4) to base 5.
404
-1 (base 15) to base 2
-1
-2 (base 15) to base 10
-2
5b (base 13) to base 16
4c
What is -22 (base 10) in base 16?
-16
Convert 5 (base 7) to base 16.
5
What is 312 (base 6) in base 16?
74
What is 0 (base 3) in base 14?
0
Convert 10 (base 2) to base 9.
2
Convert -25 (base 11) to base 5.
-102
What is 0 (base 5) in base 15?
0
Convert 12222 (base 3) to base 15.
ab
What is 34 (base 13) in base 5?
133
0 (base 9) to base 6
0
What is 0 (base 4) in base 3?
0
Convert 24 (base 12) to base 8.
34
What is -12 (base 6) in base 7?
-11
Convert -22 (base 13) to base 15.
-1d
-2 (base 13) to base 10
-2
24 (base 7) to base 3
200
Convert 1 (base 2) to base 3.
1
What is -36 (base 8) in base 4?
-132
Convert 13 (base 5) to base 14.
8
Convert -7 (base 15) to base 11.
-7
What is 110 (base 2) in base 5?
11
What is 1014 (base 6) in base 10?
226
-88 (base 12) to base 7
-206
-56 (base 9) to base 4
-303
Convert 2 (base 14) to base 8.
2
-1 (base 2) to base 5
-1
What is 6 (base 10) in b